r when 15/(-35) - (-52)/7 is divided by 1.
0
Calculate the remainder when 20*3*30/24 is divided by 16.
11
What is the remainder when 14 is divided by 15 + -3 + 4/(-1)?
6
Let g = -76 + 87. Calculate the remainder when 18 is divided by g.
7
Suppose -5*i + g + 687 = 161, -5*i = 3*g - 542. What is the remainder when i is divided by 36?
34
Suppose 0 = 2*i - 5*i - 6. Let s be (i/(-4))/((-2)/(-12)). Suppose -2*l - c - 16 = -s*l, -2*c = 6. What is the remainder when l is divided by 5?
3
Let p = -31 - -43. Suppose -51 - 45 = -4*z. What is the remainder when (-86)/(-4) + 12/z is divided by p?
10
Let p(w) = w - 3*w**2 + 2*w**2 - 4 + 7*w. Let u be p(6). Calculate the remainder when (25/4)/(2/u) is divided by 13.
12
Let h = 20 - 24. Let d = 23 + h. What is the remainder when d is divided by 5?
4
Let c be (36/15)/(2/(-10)). Calculate the remainder when 34 is divided by 4/(c/(-21)) + 2.
7
Let q = 161 - 106. What is the remainder when q is divided by 14?
13
Let c = 22 - 42. Let s = 46 + c. Calculate the remainder when s is divided by 14.
12
Let h be (-108)/8 - 6/(-4). Let y = h + 20. What is the remainder when 29 is divided by y?
5
Suppose -100 = -3*c - c. What is the remainder when c is divided by 9?
7
Let n be (-15)/(1/3*-3). Calculate the remainder when 380/n*(-9)/(-6) is divided by 11.
5
Suppose -3*z = 45 - 261. Calculate the remainder when z is divided by 19.
15
Suppose 0 = -3*s + 2*s + 88. Let r = -54 + s. What is the remainder when r is divided by 9?
7
Let q(b) = 4*b**2 - 10*b + 1. Let z(p) = -5*p**2 + 11*p - 2. Let u(k) = 3*q(k) + 2*z(k). Calculate the remainder when u(7) is divided by (1/1)/(-1) + 15.
13
Suppose -3*c + 0*c + 8 = t, -4*c = 3*t - 39. Let a(g) = -g**2 + 5. Calculate the remainder when t is divided by a(0).
2
Let k(g) = -g**3 + 7*g**2 + 11*g - 3. Let p be k(9). Let a = p + 103. Calculate the remainder when a is divided by 20.
17
Suppose 0 = -2*u + 5*o + 103, -2*u - 3*o + 9 = -86. Let a(s) = -s**3 - 2*s**2 - 3*s - 1. Calculate the remainder when u is divided by a(-3).
15
Suppose -k - 5 = -2*k. Suppose 0 = -k*c - 25, -18 = -5*t + 2*c + 7. Suppose 11 = 2*b + t. What is the remainder when 7 is divided by b?
3
Suppose -42 - 83 = -5*p. Let c(s) = -8*s - 32. Calculate the remainder when c(-13) is divided by p.
22
Suppose 2*a = -4*t + a + 10, 14 = 5*t + 2*a. Let f(d) = -2*d**3 - 3*d**2 - 3*d - 1. What is the remainder when f(-2) is divided by t/(-4) - 11/(-2)?
4
Suppose 0*h = 7*h - 462. Calculate the remainder when h is divided by 17.
15
Let a be 2*23*1/(-2). Let n = a + 13. Let y = n - -19. What is the remainder when y is divided by 6?
3
Suppose 0*n = n - 2. What is the remainder when 5 is divided by n?
1
Let j(d) = -d**3 - 4*d**2 + d - 5. Let g be j(-4). What is the remainder when (15/g)/((-15)/54) is divided by 3?
0
Let f be -17 + (7 - 4 - 1). Let p = 37 + f. Suppose 3 = 3*t - 0*t, -3*d + 2*t + 34 = 0. What is the remainder when p is divided by d?
10
Let m(w) = 13*w - 11. Calculate the remainder when m(4) is divided by 11.
8
Let y(f) = -f**3 - 4*f**2 - 2*f + 2. Let v(c) = c**2 + 3*c - 7. What is the remainder when y(-4) is divided by v(-5)?
1
Suppose 0*w + 3*g = -5*w + 121, 0 = 4*w + g - 94. Suppose 4*u - 13 - w = 4*z, -4*u + 54 = 2*z. What is the remainder when 23 is divided by u?
11
Calculate the remainder when (247/(-39) + (-2)/12)*-10 is divided by 34.
31
Let a = -841 + 854. Suppose 0*i - 91 = -2*i - 5*b, 2*b - 6 = 0. Calculate the remainder when i is divided by a.
12
Suppose -4*v - n + 2*n = -26, -3*v - 4*n = -10. What is the remainder when v is divided by 4?
2
Calculate the remainder when 32 is divided by (-2)/7 - (-440)/70.
2
Let w = -6 + 14. Let a(u) = -u**3 + 8*u**2 + u + 6. What is the remainder when 40 is divided by a(w)?
12
Let z(n) = 11*n**2 - 4*n - 2. What is the remainder when 51 is divided by z(-1)?
12
Suppose 30*x - 23*x - 63 = 0. Let s(o) = 30*o + 1. What is the remainder when s(1) is divided by x?
4
Let w = -11 - -30. What is the remainder when w is divided by 6?
1
Let q = -7 - -4. Calculate the remainder when (-1)/q - 161/(-3) is divided by 14.
12
Let p = 8 + -2. Let i = p - -4. Let o = 34 - 17. What is the remainder when o is divided by i?
7
Let c be 16/6 + (-4)/6. Suppose 0 = -3*l + 5*k + 45, -3*l - c*k = -0*l - 45. What is the remainder when (-28)/(3 + -1*4) is divided by l?
13
Let b = 28 + 0. Let n = b - 10. What is the remainder when ((-106)/6)/((-7)/21) is divided by n?
17
Suppose -2*f + 4*f = -20. Let p = 63 + f. What is the remainder when p is divided by 18?
17
What is the remainder when 39 is divided by 4 + 0 - (-4 + 6/3)?
3
Let q = -1 - -39. Calculate the remainder when q is divided by 13.
12
Suppose -4*f = -5*f + 10. Calculate the remainder when f is divided by 5/((-120)/(-32))*3.
2
Let k = -7 - -12. Calculate the remainder when 21/(2 + k/(-4)) is divided by 36/360 + 99/10.
8
Suppose -5*u = -79 - 31. Let q = 7 + u. Suppose 7 - 22 = -h. Calculate the remainder when q is divided by h.
14
Let r = 58 + 147. What is the remainder when r is divided by 69?
67
Suppose 2*h - 3*h + 71 = 0. Calculate the remainder when h is divided by 9.
8
Calculate the remainder when 107 is divided by 3/9 + 130/6.
19
Suppose -2*f + 54 = 3*k + f, -3*f - 58 = -5*k. Let p(g) = g**2 + 4. Let r be ((-18)/(-21))/((-1)/7). What is the remainder when p(r) is divided by k?
12
Let c(m) = -4*m - 17. Let g = -140 + 199. What is the remainder when g is divided by c(-8)?
14
Suppose -3*v + 3 = 0, v + 6 = -k - 15. Let n be (-2)/5 + k/(-5). Suppose a - n*a + 117 = 0. What is the remainder when a is divided by 20?
19
Suppose -158 = -12*t + 406. Calculate the remainder when 182 is divided by t.
41
Let z(l) = -l**2 - 6*l - 4. Let p be z(-5). Let j = -19 - -31. What is the remainder when 21 + -2 + 2 + p is divided by j?
10
Suppose 0 = -2*v - 4*q + 20, -3*q = 5*v - v - 25. Suppose -86 = -4*i - 3*f + 131, -2*i - v*f + 116 = 0. Calculate the remainder when i is divided by 18.
16
Let b = -33 - -75. What is the remainder when b is divided by 9?
6
Calculate the remainder when 45 is divided by (-4)/(-16) + (-188)/(-16).
9
Let b = 10 - -11. Calculate the remainder when b is divided by 13.
8
Let q(r) = -5*r + 1. What is the remainder when q(-1) is divided by 5?
1
Suppose -4*k + 4*c + 25 = -51, -30 = -2*k + 4*c. What is the remainder when k is divided by 4?
3
Let x(z) = -3*z**3 + 2*z**2 + z. Let g be x(-1). Suppose 0 = -3*o + g*o - 46. What is the remainder when o is divided by 16?
14
Suppose 3*m = -2*r + 27 - 2, 0 = 4*m + r - 35. What is the remainder when 17 is divided by m?
8
Let f(t) = -t**2 - 26*t + 3. What is the remainder when 5 is divided by f(-26)?
2
Suppose a = 4*l + 23, 0 = -l - 3 - 1. Let c(w) = 4*w + 6. What is the remainder when c(a) is divided by 3/6*(23 - -1)?
10
Let o(u) = u**2 - 2*u + 3. Let t be o(4). Let b(c) = c**2 - 11*c + 8. Let g = 36 + -5. What is the remainder when g is divided by b(t)?
7
Suppose 6*p - 2*p = 8. Suppose -5*a + w = -10 - 33, p*w + 6 = 0. Suppose 0*x + x = a. What is the remainder when 22 is divided by x?
6
Suppose 5*m - w - 23 = 0, -w = m - 4*m + 13. Suppose 0 = -4*c - 3*q + 111, -2*c - c - m*q = -75. What is the remainder when 8/(-28) + c/7 is divided by 2?
0
Let t(a) = a + 7. Let s be t(-3). Suppose s*n - 98 = n - 5*c, 0 = 5*n + 4*c - 185. Calculate the remainder when n is divided by 14.
13
Suppose b = -2, -3*s + 151 = -5*b - 273. What is the remainder when s is divided by 35?
33
Suppose -13 - 25 = -2*g. Suppose 0*c = 2*s + c, -4*s = 5*c. Suppose 2*y + 20 = 5*y + 5*w, s = 2*y - 5*w - 30. What is the remainder when g is divided by y?
9
Suppose -4*k - 7 = -3. What is the remainder when 89 is divided by 2 - (k + 2) - -29?
29
Let v(s) = 2*s**2 - 3*s - 1. Let l be v(4). Let o = -12 + l. Calculate the remainder when (-57)/6*(0 - 2) is divided by o.
5
Let p(c) = -9*c + 6. What is the remainder when p(-4) is divided by 9?
6
Suppose -q + 7 = 2*p - 6, 10 = -2*q. Calculate the remainder when 42 is divided by p.
6
Suppose 42 + 30 = 3*u. Suppose -45 = -2*d + 47. What is the remainder when d is divided by u?
22
Suppose 3*v = -3*i + 24, -2*v + 2 + 2 = -4*i. Let n(c) = -3*c + v*c + 2*c + 2 - c**2. What is the remainder when 11 is divided by n(4)?
5
Let x(n) = n**3 + 6*n**2 + n - 1. Let j be x(-5). Suppose 2 = k - j. What is the remainder